w. What is x(6)?
7
Let j(i) = -i + 2. Let b(o) = -3*o + 9. Let f be (-2)/(-4)*(-144)/(-3 + 11). Let h be (1 + 1)*(2 - 1). Let m(c) = f*j(c) + h*b(c). Calculate m(2).
6
Let f(l) be the first derivative of l**3/3 + l**2/2 - 193. Determine f(-1).
0
Let q(d) = 6*d + 3 + 0*d**2 - d**2 - 4*d. Let h be q(4). Let n(b) = -b**2 - 7*b - 6. Let x be n(h). Let l(z) = -z**2 + 7*z - 6. Determine l(x).
6
Let x(j) = 7*j**2 + 12*j - 10. Let p(d) = -d**2 - d + 3. Let c(k) = -5*p(k) - x(k). Let o be -1 - -2*(-6)/4. Give c(o).
-9
Let a(y) = -2*y**2 - 8. Let s(k) = -k**2 - k. Suppose 4*t + 8 = -x, 3*t + 4*x = 1 - 20. Suppose 0 = 2*g + 3 - 5. Let b(m) = g*s(m) + t*a(m). What is b(0)?
8
Let l(s) = -s**2 - 34*s - 30. Let q be l(-33). Let u(k) = -6*k**3 + 9*k**q - k**3 - 3*k**3 + 4*k**2 - k + 1. Let a = 4 + -1. Determine u(a).
7
Let o(k) = 5*k**2 + 4*k - 8. Let m(s) = -6*s**2 - 6*s + 11. Let z(q) = 4*m(q) + 5*o(q). Determine z(6).
16
Let k(c) = c - 5. Let v(w) = 3*w**3 + 2*w**2 + 1. Let s be v(-3). Let f = s + 58. Determine k(f).
-9
Let z(k) be the first derivative of k**3/3 + 3*k**2/2 - 2*k - 15. What is z(-3)?
-2
Let l be (8/(-18))/((-2)/(-9)). Suppose 0 = 4*s + 2*q - 13 - 1, -5*s - q = -16. Let h(j) = -5*j - s + 6*j + 4. Calculate h(l).
-1
Suppose 0 = -d + 4 - 2. Let y(z) = 3 - 4 - 5*z - d + z**3 + 5*z**2 + 5. Calculate y(-6).
-4
Let n(x) = -8 + 4*x + x + 0*x - 6*x. Let w be n(-11). Suppose 3*d - 7*a = -w*a + 5, -a = -d. Let q(j) = j**2 + 3*j - 6. Determine q(d).
4
Let g(l) = -l**3 + 10*l**2 - 11*l. Suppose 0 = -5*x - 4*j + 53, -1 = 52*x - 53*x + 4*j. Calculate g(x).
-18
Let u(a) = 2*a**2 + 13*a + 11. Let h(t) = -t**2 - 6*t - 5. Let y(s) = -7*h(s) - 3*u(s). Let n be (-603)/268 - 1/(-4). Calculate y(n).
0
Let j(d) = d**3 + 7*d**2 + 5*d - 1. Let x(m) = m**3 + 11*m**2 - 28*m + 3. Let b be x(-13). Let o = 23 - b. Calculate j(o).
5
Let m(t) = -t**2 - 4*t + 4. Suppose k + 14 = 33. Suppose -4*x - k = 2*j + 5, 0 = 5*j + 2*x + 28. What is m(j)?
4
Let q(c) be the first derivative of -c**4/4 - 5*c**3/3 + 5*c**2/2 - 4*c - 4. Suppose 5*g - 2*v + 16 = 4*g, -40 = 5*g - 2*v. What is q(g)?
2
Let y(u) = -2*u**3 - u**2 + 4*u + 8. Let m(i) = -3*i**3 + 5*i + 9. Let x(z) = -3*m(z) + 4*y(z). Suppose 4*a = -4*t + 23 + 5, -12 = -4*t. Calculate x(a).
9
Let r(y) = -2*y - 21. Let d be r(-7). Let j(h) = 3*h**2 + 2*h + 1. Let i(x) = -10*x**2 - 6*x - 3. Let u(v) = d*j(v) - 2*i(v). Calculate u(2).
-9
Let d(g) = -g**2 - 6*g - 1. Let u(p) = p**3 - 10*p**2 - 2*p + 21. Let b be u(10). Let f be (-1 - -2 - b) + -6. Let o be (36/(-27))/((-2)/f). Give d(o).
7
Suppose 5*d = 2*i - 56, i - 28 = -d - 4*d. Let y = 978 - 818. Let o be y/i - 4/(-14). Let s(w) = -w**2 + 5*w + 3. What is s(o)?
-3
Let d(t) be the second derivative of t**4/12 - 11*t**3/6 - 3*t**2 + 2*t - 3. Determine d(8).
-30
Let s(u) be the second derivative of u**8/6720 - u**7/360 + u**6/90 - u**5/120 + 5*u**4/4 - 21*u. Let i(j) be the third derivative of s(j). Calculate i(6).
11
Suppose -4*l + 2 = r, -r = -0*r + 2*l - 4. Let o(h) = -22*h**2 + 9*h + 1. Let p(a) = 73*a**2 - 28*a - 4. Let f(z) = 10*o(z) + 3*p(z). Determine f(r).
-2
Suppose 25*d - 103 + 3 = 0. Let h(q) = 6*q - 6. Calculate h(d).
18
Let c(d) = d**2 + 4*d - 2. Let q = 374 + -378. Calculate c(q).
-2
Let m(d) = 69*d + 21. Let a(l) = -13*l - 4. Let q(o) = -11*a(o) - 2*m(o). What is q(2)?
12
Let j(z) = z**3 + 1083*z - 537*z - 537*z + 11*z**2 + 8. Give j(-10).
18
Let m(k) be the second derivative of -k**4/12 - 3*k**3/2 - 2*k**2 + 136*k. Calculate m(-8).
4
Let b(r) = r**2 - r + 2. Suppose 5*o - 7*o + 6 = 0. Let m(y) = 14 - 5*y + 9*y - o*y + 0*y. Let j be m(-12). Calculate b(j).
4
Let t be (5 - 4)*(-21)/3. Let z(b) = b**2 + 1. Let s(q) = 3*q**2 - 6*q + 14. Let n(j) = s(j) - 4*z(j). What is n(t)?
3
Suppose 5*r = -3*f + 21, 0*f + f + 4 = 2*r. Let t(y) = -5*y + y - 2*y + 0 + 2. Give t(f).
-10
Let i(w) = w**2 + 15*w + 21. Let b be i(-13). Let u(v) = -v**2 - 7*v. Give u(b).
10
Let i be (-34)/(-6) - 2/(-6). Suppose -4*t = -b - 233, -b - 48 = 5*t - 328. Let k(z) = 18*z - t*z + 20*z + 20*z. What is k(i)?
6
Suppose 2*w + 4*l - 7 - 15 = 0, -2*l = 2*w - 22. Let t(k) = -3*k**2 + 6*k - 14. Let m(i) = -i**2 + 2*i - 5. Let o(d) = w*m(d) - 4*t(d). Calculate o(-3).
16
Let v(o) be the second derivative of o**2 - 1/12*o**4 + 0 + 1/6*o**3 - 20*o. What is v(-2)?
-4
Suppose 4*a - 20 = z, 3*z + 34 = 5*a + 9. Let v(t) be the third derivative of -1/12*t**4 + 7/6*t**3 + 0 - t**2 + z*t. Determine v(6).
-5
Let w(t) = -t**3 + 6*t**2 - 3*t - 3. Suppose -a - 3 = -6. Calculate w(a).
15
Let i(r) = r**3 + 3*r**2 + r + 1. Let m be i(-2). Let t(u) be the first derivative of -u**3/3 + 3*u**2/2 - 4*u - 62. Calculate t(m).
-4
Let l(t) = 21*t**3 - 39*t + 37*t - 6*t**2 - 7 - 20*t**3 + 2*t**2. What is l(4)?
-15
Let o(x) be the third derivative of -x**6/120 - x**5/60 + x**4/24 - 19*x**3/6 + x**2. Let q(j) = -2*j**3 - 13*j**2 - 14*j - 48. Let f be q(-6). What is o(f)?
-19
Let q(c) be the third derivative of c**4/12 - 2*c**3/3 - 2*c**2. Let w be q(4). Suppose 5*r - w*i - 1 = 0, 0*r - 3*r - 4*i = -7. Let f(t) = 6*t. Calculate f(r).
6
Suppose -3*d = g - 5, d + 5 = -3*g + 12. Let k(z) be the third derivative of -8*z**g + 0 - 1/8*z**4 - z**3 + 0*z. Calculate k(-5).
9
Let j(q) be the third derivative of q**7/5040 + q**6/80 - q**5/60 - 5*q**4/24 + q**2 - 9. Let h(r) be the third derivative of j(r). Give h(0).
9
Suppose -6*f + 87 = -3*f. Let x(h) = h**2 - 10*h + 2. Let y be x(5). Let n = f + y. Let r(u) = u**3 - 7*u**2 + 6*u - 3. Determine r(n).
-3
Let m(g) = g**3 - 5*g**2 + 1. Let f = 5 + 0. Let i be m(f). Let x(n) = 3 - 2 + 42*n + 2*n**2 - 44*n. Determine x(i).
1
Let i(j) be the second derivative of j**5/60 + 5*j**4/24 + 2*j**3/3 - 19*j**2/2 + 3*j. Let s(y) be the first derivative of i(y). Determine s(-3).
-2
Let y(u) = -2*u**3 - u**2 + 2*u - 2. Let p = 67 - 63. Suppose -3*g - i - i + 6 = 0, -4 = -2*g + p*i. Determine y(g).
-18
Let b(t) = 4*t - 3*t - 5 + 0*t + 0*t. Suppose 121*a + 75 = 136*a. Give b(a).
0
Suppose 0 = 2*l - 0*l - 4*u - 8, -3*u = 12. Let n(s) = -4*s**3 - 1. Let p be n(1). Let v = l - p. Let z(x) = -2*x**2 - x. What is z(v)?
-3
Let a be 170/(-20) + 1 + 3/2. Let h(v) = v**2 + 7*v - 5. Give h(a).
-11
Suppose 3*v - 38 = 2*m + 19, -4*m + 75 = 3*v. Let p(z) = 5 - 24*z + v*z - 2. Determine p(-4).
15
Let w(v) = 41*v**2 + 2 - 22*v**2 + v - 20*v**2. Give w(-4).
-18
Let u be 4 - (1/(-4) + 40/32). Let q(h) = -u*h - h**2 + 5*h**2 - 5*h**2 + 7*h + 4. Suppose r + v = 6, 4*r - 14 = -5*v + 10. What is q(r)?
-8
Suppose -2*n - 2*n = -16. Let v(r) = 7*r - 11 + r**2 + 18 - n. Calculate v(-5).
-7
Let g(y) = -9 - 15*y + 0 - 11*y + 6*y + 1. What is g(-1)?
12
Let l(i) = i**3 - 2*i**2 - i + 2. Let h(t) = t**2 - 28*t + 193. Let w be h(16). Determine l(w).
0
Let y(o) = 5*o**2 + o + 1. Suppose -5*a + 95 = 4*w, w - 60 = -4*a + 16. Suppose j = 2*f - 0 + 9, 0 = 4*j + 3*f + a. Give y(j).
5
Let s(u) = -15*u**2 - 2*u - 2. Let y be s(-2). Let z = y - -56. Let c(h) = -h**2 - 4*h + 1. Calculate c(z).
5
Let y(k) = -36*k - 221. Let a be y(-6). Let g(j) = -j**3 - 5*j**2 + 6*j + 2. Calculate g(a).
-28
Let r be 4*-1 + (12 - (-6 - -1)). Let o(h) = -h + 13. Calculate o(r).
0
Suppose -8*f + 40 = 32. Let n(g) = -13*g - 1. What is n(f)?
-14
Suppose -6 = -5*c + 2*c. Let p(y) be the second derivative of -y**4/3 + y**3/2 - y**2/2 + 4*y. Determine p(c).
-11
Let r(x) be the third derivative of -5/6*x**3 + 3*x**2 + 1/120*x**6 + 1/3*x**4 + 0 - 7/60*x**5 + 0*x. Let c = 6 - 0. Determine r(c).
7
Let c(d) = 2*d**2 - 4. Let m = -22 + 24. Let q be c(m). Let o(w) be the third derivative of -w**5/60 + w**4/8 + w**3/3 - w**2. Determine o(q).
-2
Let p(c) = 9*c - 21. Let y(v) = -97*v - 677. Let t be y(-7). Give p(t).
-3
Let b(d) = 7*d**3 + 21*d**2 - 14*d + 22. Let m(k) = -8*k**3 - 22*k**2 + 14*k - 28. Let a(y) = -7*b(y) - 6*m(y). Calculate a(-16).
46
Let k(w) = 2*w - 9. Let m = 40 + -34. Calculate k(m).
3
Let f be (117/27)/(2/6). Let u(t) = -7*t - 2 + 6*t**2 - 4*t**3 - f*t**2 + 3*t**3. Give u(-6).
4
Let r be -4*(2 + 7/(-4) + -1). Let a(l) = l - 5. Give a(r).
-2
Let t = -44 - -37. Let g(u) = u**3 + 8*u**2 + 9*u + 20. Let o be g(t). Let d(l) = -l**2 + 7*l + 2. Calculate d(o).
8
Let a(y) = -y**3 + 3*y**2 + 4*y - 1. Let u be ((-3)/(((-75)/(-20))/(-5)))/1. Give a(u).
-1
Let s(f) = -f**3 + 2